 value of 28 - 15 - (6 - 3) - 72 - -2?
-60
What is 1434 + -1419 - (44 + 1)?
-30
Calculate 3 - -1 - (5 - (-4 + 11) - -15 - -132).
-141
What is the value of -34 + -2 - (24 + 60 - 71)?
-49
What is the value of -6 + ((-9 - 7 - -11) + 61 - -12)?
62
What is 10 + -22 - -18 - -71?
77
-110 + (-21 - 22) - -213
60
Calculate (46 - (-121 + 153)) + 99.
113
Calculate 34 + (53 - 40) + -38.
9
Evaluate -1 - 3 - (-43 + (-16 + -7 - -13)).
49
27 + 57 + 2 + -34
52
Evaluate 17 + -5 + (6 - (-3 - 5) - (136 - 182)).
72
(30 - 55) + 8 - (14 - (127 + -11))
85
What is the value of -11 - (0 - 28 - (151 - 130))?
38
What is (-4 - -14) + (40 - 1) + (385 - 391)?
43
What is the value of 2 - 101 - (20 + (-22 - 28))?
-69
What is 1451 + -1502 - (-2 - 79)?
30
What is 51 + 1 + 2 - (8495 + -8458)?
17
Evaluate (-5 - ((30 - 13) + 11 + -26)) + 29.
22
What is (7 - (-5 + (-42 - -7))) + (-27 + 15 - -14)?
49
Calculate 85 - ((23 - 0) + (59 - 51) + -15).
69
What is (-3 - 2) + -2 - (-118 - (-111 + -44))?
-44
Calculate (-320 - -307) + 9 + 3 + -3 - (-71 - 1).
68
Evaluate -18 - -51 - ((41 - 31) + 120).
-97
-114 - -6 - (32 + (-9 - 7)) - -18
-106
What is the value of -3 + (-1 - (-1 - -10)) - (-17527 - -17511)?
3
What is the value of -5 + -4 + 5 + (31 - (43 - 13))?
-3
What is the value of (-110 - (17 - 115)) + (1 - -4)?
-7
Calculate -157 + -14 + 47 + 42.
-82
Evaluate 12 + 272 + -285 + 0 + -1 + -8.
-10
-16 + 1 + (26 - (-6 + (-13 - 2)))
32
Evaluate -81 + (46 - -59) + (0 + 12 - -2).
38
Calculate 5 + (3 + 3 - (47 - 48)) + (-3 - 12).
-3
What is 23 + (-5 - 5) - (-5 + 25) - 9?
-16
What is -1 + -1 + 2 + -55 + (130 - 63)?
12
Evaluate (23 - 38) + 19 - (54 + -7 + 4).
-47
What is (4 - 14) + (54 + -26 - (-6 - -1))?
23
Calculate (-81 - -5) + 30 + -3 + -25.
-74
What is 1 + 11 + (-29 - -6) + 1 + -4?
-14
Calculate 4 + -52 - (-29 + 27 + 18 + -1).
-63
-7 - (563 + -454 - (18 - -1))
-97
8 + -11 + (22 - -12) + 0 + -3
28
What is the value of (4 - 1 - (67 + -63)) + -9 + 12 + -14?
-12
127 - 153 - (1 - 0)
-27
Evaluate -13 + 2 + -3 + 2 - (306 + (6 - 291)).
-33
Evaluate (166 - (385 + -187)) + (-1 - -83).
50
44 + -1 - 1 - (62 - 65 - (-2 - 2))
41
What is the value of 8 + (-6 + 8 + 0 - 79) + (-29 - -40)?
-58
Calculate 5 + -2 + -13 + -57 + -9 + 7 + 5.
-64
What is the value of -42 - -2 - (-11 + -21 + 28 - (-1 + 5))?
-32
What is the value of (-51 - -33) + (-47 - -1) - (-25 + 10)?
-49
6 + (57 - (-30 + 0 + 40 + -21))
74
Evaluate -7 + 120 + (-95 - -44).
62
Evaluate (39 - (-14 - (1 + 9 + -25))) + 5.
43
What is 16 + (20 - 55) + 24 + 0 + -10?
-5
-142 + 13 - (-103 + (55 - -4))
-85
What is the value of 206 + -173 - (-32 - 12)?
77
Evaluate -84 + (-18 - -11 - (-75 - -42)).
-58
What is 23 - (-4 - (4 + (10 - 29)) - 10)?
22
Evaluate -3 + (13 - (15 + 15 - 14)) + -43 + -2.
-51
What is 16 - 12 - -10 - (-10 - (-5 + 4))?
23
Evaluate -276 + 290 + (13 - 2) + -74.
-49
What is -36 + -29 + 31 + 34?
0
Evaluate -43 - (-14 + ((2 - 9 - -10) + -13 - -17)).
-36
What is 5 + (0 + 8 + (42 - 27) - (5 - 0))?
23
What is 45 + (9 - 18) + (-29 - -6)?
13
-42 + (-62 - -57) + -27 + 3
-71
What is -69 - -96 - (34 - 0)?
-7
What is (0 - -8) + -1 + (62 - (-68 + 147) - 15)?
-25
What is 49 + 35 + (2 - -20) + (32 - 34)?
104
What is the value of (35 - (11 - (8 + (2 - -2) + -4))) + 10?
42
What is the value of 58 - (-9 - -53) - (1 + (121 - 4))?
-104
(-59 - -33) + (-32 - -16 - (-14 + -2))
-26
What is -10 + 0 + (234 - 218)?
6
-87 - (40 - (31 - (41 + -32)))
-105
Calculate 20 + (260 - 209) + (1 - -14).
86
0 + 39 - (1 - -15 - (25 + -16 + -1))
31
Calculate (4 - 35) + -2 - (-5 - (0 - (-3 + -2))).
-23
What is the value of (597 - (461 + 169)) + (-1 - (0 + -1)) + 6?
-27
Evaluate 8 + 0 + -1 - (-19874 - -19950).
-69
What is the value of (3 - -62) + (-2738 - -2721)?
48
What is (-4 - (25 - 41) - 31) + -67?
-86
What is the value of (4 - 29) + -163 + 154 + (7 - 1)?
-28
What is (46 + -70 - -1) + -1 + 89?
65
Evaluate 91 + ((15 - 17) + 4 - 5) - (-3 - -1).
90
23 + (-4 - (-5 + 11))
13
(10 - -1) + -45 + (-13 + 16 - -19) - 110
-122
What is 3 - (-73 + (-1 - -44))?
33
Evaluate 10 - (0 + 4 - (32 + -1 + (646 - 682))).
1
What is the value of 1 + -27 + 7 + -33 + -27?
-79
Evaluate -58 - (-10 - -17 - 116).
51
Calculate -5 + 1 + -1 - ((-89 - -75) + -42 + -6).
57
Evaluate (-51 - (-27 - 39)) + 1 + 10.
26
What is -60 + -23 + (-4 - -9) - (-11 - (-19 - -2))?
-84
Evaluate (10 - 11) + 0 + -47 + -21 + 22 + 6.
-41
What is (-3 - 18 - -5) + -15 + (2 - 5)?
-34
What is -26 - 1 - 4 - (-14 - (-16 + (17 - 24)))?
-40
What is the value of -2274 - -2267 - (-87 + 1 - (1 + -1 - 1))?
78
Evaluate (-60 + -8 + -6 - (3 + -16)) + (-1 - -12).
-50
What is 325 - 284 - (1 + -19 + -20)?
79
What is the value of -52 - (-39 + (17 - -13))?
-43
10 - (32 + -29) - (-4 - 2)
13
43 + -30 + -24 + 43 - 2
30
Evaluate 5 + (-71 + 64 - (3 - 0)) + -6.
-11
Evaluate (6 - 86) + 11 + (22 - 27 - 24).
-98
What is 3845 - 3972 - (3 + (-1 + -2 - -25))?
-152
Calculate (20 - 14 - -9) + 5 + (-9 - (-7 + 11)).
7
What is the value of 961 + -888 + (-128 - 3)?
-58
0 + 22 + -8 + 12 + 1 - (90 - 81)
18
Calculate 4 + (-101 + 111 - ((5 + -1 - 7) + 44)).
-27
-19 + 41 - 170 - -106
-42
What is the value of -2218 + 2240 - (1 - -14)?
7
Calculate (93 - 242) + -20 + 52 + -6.
-123
Evaluate (7 - (2 - -4)) + -19 + (-25 - -18).
-25
Calculate 42 + -23 + -4 + -1 + -40.
-26
14 + (1 + -5 - 1 - (-95 + 184))
-80
56 + (-11 + -16 - 50)
-21
What is 104 + -27 + (-28 - -31) - 3?
77
Calculate 22 + -50 + 62 - -22.
56
What is 2 + (56 - (44 - 7)) + -36 + 0?
-15
What is the value of 57 - (37 - (-7 + 41 + -12))?
42
Evaluate 14 + (-12 - (4 - 30 - -11) - 10) - -7.
14
Calculate 0 + (4 - 6) + (16 + -32 - -25) - -17.
24
What is the value of 134 + (131 - 110) + -123?
32
(-21 - -22) + (-37 - -44) + (34 - -2 - -3)
47
What is the value of 41 + (90 - 142) + 20 + -2?
7
Calculate 2 + -18 + (2 - -11) + -27.
-30
Calculate (143 + 21 - 76) + -130.
-42
Evaluate 39 + -84 + -7 - (-21 + 4 + 2).
-37
3 + 6 + (0 - 9) - (-24 + 41 + -3)
-14
Calculate 0 + 13 - (-1 + 19 - (269 - 262)).
2
-225 + -67 + 262 + -78
-108
Evaluate 8 - (11 + 5 - 15) - -39.
46
What is the value of -703 - -403 - -279 - (-2 + 1 + 0 + -2)?
-18
Evaluate (4 - 5) + 15 + -1822 + 1754.
-54
Evaluate (0 + 3 - 3) + 12 - (-568 - -535).
45
Calculate (-155 + 295 - 179) + 31.
-8
What is -52 + 0 - (-56 + 58 - 33)?
-21
What is (26 - ((-8 - -32) + 27)) + 7?
-18
25 + (-162 - -175) + (-1 - 3) + -2
32
(10 - (289 + -274 - (2 - (-11 + 0)))) + -69
-61
What is -31 + 67 + 19 + -15?
40
Calculate (-1 - -45) + (-222 - -240).
62
What is -35 - ((3 - 20) + (2 - (-39 + 20)))?
-39
What is the value of (-45 - -11) + 9 + (1 - 1) + -46 + 43?
-28
-114 - (-74 + -11 + -140)
111
Evaluate 46 - (15 - 33 - -34).
30
Evaluate 3 + 14 - (9 + (-5 - 0)) - 42.
-29
4614 - 4594 - ((2 - 1) + (56 - -13))
-50
Evaluate -8 + (1 - 3) + (-1 - 1) - (-3877 + 3784).
81
Calculate -36 + 27 + 133 + -58.
66
Evaluate -15 + (-196 - -183) + 1 + -36.
-63
Calculate 54 + (34 - 57) - 19.
12
What is 52 - (121 - 39) - 12?
-42
What is the value of -3 - -2 - ((-4 + -12 + 74 - -1) + -4)?
-56
What is the value of -100 + 130 + -17 + 11?
24
What is (-219 - -80) + (-7 - -38) + -20?
-128
-71 + 10 + -12 + 25 + -5
-53
Evaluate -10 - ((8 - (35 - -7)) + 17 + -1).
8
What is the value of (37 + 15 - 7) + 1?
46
Calculate -7 - (25 + 15 + (-25 - -2) - 19).
-5
What is -30 - (27 - (-11 + -3 + -6))?
-77
What is the value of 12 - (4 - 10 - (-56 + 15 + -10))?
-33
Evaluate -121 + 72 + (53 - -20).
24
(3 - 37) + (-232 - -241) + 94
69
Evaluate 10 + 0 + 3 - ((19 - -15) + 8 - 34).
5
What is the value of (8712 - 8699) + 0 + -1 + -5?
7
Evaluate -39 + (-13 + 29 - -9 - (-2 + 15)).
-27
Evaluate 1 + (9 - (8 + -4 - 2 - -7)).
1
Evaluate -48 - (-17 + 13 + -7 + (-13 - (8 - 41))).
-57
What is 17 - (-1 + 11 + 21) - -11?
-3
Calculate 1 + -37 + (-3431 - -3427) - (1 - -18).
-59
What is 65 + -42 - 31 - (2 + 1 + (2 - 47))?
34
What is the value of 20 + -12 + 2 - -9 - (-3 + 3)?
19
What is the value of 10 + (24 - (-44 + 39)) + (-6 - (-4 - -2))?
35
Evaluate 88 + -27 + -51 - 69.
-59
Evaluate -6 - (-33 - -78 - 129).
78
What is (0 - (1 + 36)) + (4242 - 4243)?
-38
What is the value of (55 - -1 - (-2130 + 2220)) + 9 + 1 + 0?
-24
-10 - (25 + -108 + 56)
17
What is the value of (-9 - -3) + (-4 - 1) - (5 + (0 - 9))?
-7
Calculate -3 - (-72 + (0 - 1 - (18 + -12))).
76
Evaluate -32 + 19 + -37 + 